{"id":191,"date":"2017-01-06T15:15:24","date_gmt":"2017-01-06T14:15:24","guid":{"rendered":"https:\/\/www.chairedelimmateriel.universite-paris-saclay.fr\/research-programme\/theses\/"},"modified":"2017-02-01T19:33:53","modified_gmt":"2017-02-01T18:33:53","slug":"dissertations","status":"publish","type":"page","link":"https:\/\/www.chairedelimmateriel.universite-paris-saclay.fr\/en\/research-programme\/dissertations\/","title":{"rendered":"Dissertations"},"content":{"rendered":"<ul>\n<li><b>Gwenaelle Grefe<\/b>, \u00ab&nbsp;Gestion de la connaissance et syst\u00e8mes d\u2019incitation&nbsp;: un essai d\u2019explicitation de mod\u00e8le (la th\u00e9orie du Hau-Ba&nbsp;\u00bb, th\u00e8se soutenue en juillet 2010 (th\u00e8se Cifre, Alcan).<\/li>\n<li><b>Julien Anfruns<\/b>, \u00ab&nbsp;Mod\u00e9lisation et valorisation des actifs immat\u00e9riels des mus\u00e9es&nbsp;\u00bb<\/li>\n<li><b>Imen Missaoui<\/b>, \u00ab&nbsp;Valeur et performance des grands projets de SI&nbsp;\u00bb<\/li>\n<li><b>Daniel Guevara<\/b>, \u00ab&nbsp;Managing intangibles in a dowturn period (at GE)&nbsp;\u00bb, soutenance D\u00e9cembre 2011.<\/li>\n<li><b>Imene Trabelsi<\/b>, \u00ab&nbsp;Innovation et information-amont, le r\u00f4le m\u00e9diateur des capacit\u00e9s&nbsp;\u00bb<\/li>\n<li><b>Kiyali Ouattara<\/b>, \u00ab&nbsp;Le pilotage des actifs immat\u00e9riels&nbsp;: individus versus organisations&nbsp;\u00bb<\/li>\n<li><b>Susanne Durst<\/b>, \u00ab&nbsp;Small and medium-sized succession process&nbsp;: Do intangibles really matter&nbsp;? An exploratory study conducted in Germany&nbsp;\u00bb, Soutenance&nbsp;: Th\u00e8se soutenue en f\u00e9vrier 2011<\/li>\n<li><b>Andr\u00e8s Barreneche Garcia<\/b>, \u00ab&nbsp;Structural patterns in complex innovation systems&nbsp;\u00bb<\/li>\n<li><b>Sidoine Corbin-Occelli<\/b>, \u00ab&nbsp;La valorisation des marques&nbsp;\u00bb<\/li>\n<\/ul>\n<div class=\"shariff\" data-title=\"Dissertations\" data-info-url=\"\" data-backend-url=\"https:\/\/www.chairedelimmateriel.universite-paris-saclay.fr\/wp-content\/plugins\/shariff-sharing\/backend\/index.php\" data-temp=\"\/tmp\" data-ttl=\"60\" data-service=\"tl\" data-services='[\"facebook\",\"twitter\",\"linkedin\"]' data-image=\"\" data-url=\"https:\/\/www.chairedelimmateriel.universite-paris-saclay.fr\/en\/research-programme\/dissertations\/\" data-lang=\"en\" data-theme=\"color\" data-orientation=\"horizontal\"><\/div>","protected":false},"excerpt":{"rendered":"<p>Gwenaelle Grefe, \u00ab&nbsp;Gestion de la connaissance et syst\u00e8mes d\u2019incitation&nbsp;: un essai d\u2019explicitation de mod\u00e8le (la th\u00e9orie du Hau-Ba&nbsp;\u00bb, th\u00e8se soutenue en juillet 2010 (th\u00e8se Cifre, Alcan). Julien Anfruns, \u00ab&nbsp;Mod\u00e9lisation et valorisation des actifs immat\u00e9riels des mus\u00e9es&nbsp;\u00bb Imen Missaoui, \u00ab&nbsp;Valeur et&nbsp;<small>(&#8230;)<\/small><\/p>\n","protected":false},"author":1,"featured_media":0,"parent":186,"menu_order":2,"comment_status":"closed","ping_status":"closed","template":"","meta":{"_monsterinsights_skip_tracking":false,"footnotes":""},"class_list":["post-191","page","type-page","status-publish","hentry"],"yoast_head":"<!-- This site is optimized with the Yoast SEO plugin v28.4 - https:\/\/yoast.com\/product\/yoast-seo-wordpress\/ -->\n<title>Dissertations - Chaire Europ\u00e9enne de l\u2019Immat\u00e9riel<\/title>\n<meta name=\"robots\" content=\"index, follow, max-snippet:-1, max-image-preview:large, max-video-preview:-1\" \/>\n<link rel=\"canonical\" href=\"https:\/\/www.chairedelimmateriel.universite-paris-saclay.fr\/en\/research-programme\/dissertations\/\" \/>\n<meta property=\"og:locale\" content=\"en_US\" \/>\n<meta property=\"og:type\" content=\"article\" \/>\n<meta property=\"og:title\" content=\"Dissertations - Chaire Europ\u00e9enne de l\u2019Immat\u00e9riel\" \/>\n<meta property=\"og:description\" content=\"Gwenaelle Grefe, \u00ab&nbsp;Gestion de la connaissance et syst\u00e8mes d\u2019incitation&nbsp;: un essai d\u2019explicitation de mod\u00e8le (la th\u00e9orie du Hau-Ba&nbsp;\u00bb, th\u00e8se soutenue en juillet 2010 (th\u00e8se Cifre, Alcan). Julien Anfruns, \u00ab&nbsp;Mod\u00e9lisation et valorisation des actifs immat\u00e9riels des mus\u00e9es&nbsp;\u00bb Imen Missaoui, \u00ab&nbsp;Valeur et&nbsp;(...)\" \/>\n<meta property=\"og:url\" content=\"https:\/\/www.chairedelimmateriel.universite-paris-saclay.fr\/en\/research-programme\/dissertations\/\" \/>\n<meta property=\"og:site_name\" content=\"Chaire Europ\u00e9enne de l\u2019Immat\u00e9riel\" \/>\n<meta property=\"article:modified_time\" content=\"2017-02-01T18:33:53+00:00\" \/>\n<meta name=\"twitter:card\" content=\"summary_large_image\" \/>\n<meta name=\"twitter:label1\" content=\"Est. reading time\" \/>\n\t<meta name=\"twitter:data1\" content=\"1 minute\" \/>\n<script type=\"application\/ld+json\" class=\"yoast-schema-graph\">{\"@context\":\"https:\\\/\\\/schema.org\",\"@graph\":[{\"@type\":\"WebPage\",\"@id\":\"https:\\\/\\\/www.chairedelimmateriel.universite-paris-saclay.fr\\\/en\\\/research-programme\\\/dissertations\\\/\",\"url\":\"https:\\\/\\\/www.chairedelimmateriel.universite-paris-saclay.fr\\\/en\\\/research-programme\\\/dissertations\\\/\",\"name\":\"Dissertations - Chaire Europ\u00e9enne de l\u2019Immat\u00e9riel\",\"isPartOf\":{\"@id\":\"https:\\\/\\\/www.chairedelimmateriel.universite-paris-saclay.fr\\\/#website\"},\"datePublished\":\"2017-01-06T14:15:24+00:00\",\"dateModified\":\"2017-02-01T18:33:53+00:00\",\"breadcrumb\":{\"@id\":\"https:\\\/\\\/www.chairedelimmateriel.universite-paris-saclay.fr\\\/en\\\/research-programme\\\/dissertations\\\/#breadcrumb\"},\"inLanguage\":\"en-US\",\"potentialAction\":[{\"@type\":\"ReadAction\",\"target\":[\"https:\\\/\\\/www.chairedelimmateriel.universite-paris-saclay.fr\\\/en\\\/research-programme\\\/dissertations\\\/\"]}]},{\"@type\":\"BreadcrumbList\",\"@id\":\"https:\\\/\\\/www.chairedelimmateriel.universite-paris-saclay.fr\\\/en\\\/research-programme\\\/dissertations\\\/#breadcrumb\",\"itemListElement\":[{\"@type\":\"ListItem\",\"position\":1,\"name\":\"Home\",\"item\":\"https:\\\/\\\/www.chairedelimmateriel.universite-paris-saclay.fr\\\/en\\\/\"},{\"@type\":\"ListItem\",\"position\":2,\"name\":\"The Chair research programme\",\"item\":\"https:\\\/\\\/www.chairedelimmateriel.universite-paris-saclay.fr\\\/en\\\/research-programme\\\/\"},{\"@type\":\"ListItem\",\"position\":3,\"name\":\"Dissertations\"}]},{\"@type\":\"WebSite\",\"@id\":\"https:\\\/\\\/www.chairedelimmateriel.universite-paris-saclay.fr\\\/#website\",\"url\":\"https:\\\/\\\/www.chairedelimmateriel.universite-paris-saclay.fr\\\/\",\"name\":\"Chaire Europ\u00e9enne de l\u2019Immat\u00e9riel\",\"description\":\"\",\"potentialAction\":[{\"@type\":\"SearchAction\",\"target\":{\"@type\":\"EntryPoint\",\"urlTemplate\":\"https:\\\/\\\/www.chairedelimmateriel.universite-paris-saclay.fr\\\/?s={search_term_string}\"},\"query-input\":{\"@type\":\"PropertyValueSpecification\",\"valueRequired\":true,\"valueName\":\"search_term_string\"}}],\"inLanguage\":\"en-US\"}]}<\/script>\n<!-- \/ Yoast SEO plugin. -->","yoast_head_json":{"title":"Dissertations - Chaire Europ\u00e9enne de l\u2019Immat\u00e9riel","robots":{"index":"index","follow":"follow","max-snippet":"max-snippet:-1","max-image-preview":"max-image-preview:large","max-video-preview":"max-video-preview:-1"},"canonical":"https:\/\/www.chairedelimmateriel.universite-paris-saclay.fr\/en\/research-programme\/dissertations\/","og_locale":"en_US","og_type":"article","og_title":"Dissertations - Chaire Europ\u00e9enne de l\u2019Immat\u00e9riel","og_description":"Gwenaelle Grefe, \u00ab&nbsp;Gestion de la connaissance et syst\u00e8mes d\u2019incitation&nbsp;: un essai d\u2019explicitation de mod\u00e8le (la th\u00e9orie du Hau-Ba&nbsp;\u00bb, th\u00e8se soutenue en juillet 2010 (th\u00e8se Cifre, Alcan). Julien Anfruns, \u00ab&nbsp;Mod\u00e9lisation et valorisation des actifs immat\u00e9riels des mus\u00e9es&nbsp;\u00bb Imen Missaoui, \u00ab&nbsp;Valeur et&nbsp;(...)","og_url":"https:\/\/www.chairedelimmateriel.universite-paris-saclay.fr\/en\/research-programme\/dissertations\/","og_site_name":"Chaire Europ\u00e9enne de l\u2019Immat\u00e9riel","article_modified_time":"2017-02-01T18:33:53+00:00","twitter_card":"summary_large_image","twitter_misc":{"Est. reading time":"1 minute"},"schema":{"@context":"https:\/\/schema.org","@graph":[{"@type":"WebPage","@id":"https:\/\/www.chairedelimmateriel.universite-paris-saclay.fr\/en\/research-programme\/dissertations\/","url":"https:\/\/www.chairedelimmateriel.universite-paris-saclay.fr\/en\/research-programme\/dissertations\/","name":"Dissertations - Chaire Europ\u00e9enne de l\u2019Immat\u00e9riel","isPartOf":{"@id":"https:\/\/www.chairedelimmateriel.universite-paris-saclay.fr\/#website"},"datePublished":"2017-01-06T14:15:24+00:00","dateModified":"2017-02-01T18:33:53+00:00","breadcrumb":{"@id":"https:\/\/www.chairedelimmateriel.universite-paris-saclay.fr\/en\/research-programme\/dissertations\/#breadcrumb"},"inLanguage":"en-US","potentialAction":[{"@type":"ReadAction","target":["https:\/\/www.chairedelimmateriel.universite-paris-saclay.fr\/en\/research-programme\/dissertations\/"]}]},{"@type":"BreadcrumbList","@id":"https:\/\/www.chairedelimmateriel.universite-paris-saclay.fr\/en\/research-programme\/dissertations\/#breadcrumb","itemListElement":[{"@type":"ListItem","position":1,"name":"Home","item":"https:\/\/www.chairedelimmateriel.universite-paris-saclay.fr\/en\/"},{"@type":"ListItem","position":2,"name":"The Chair research programme","item":"https:\/\/www.chairedelimmateriel.universite-paris-saclay.fr\/en\/research-programme\/"},{"@type":"ListItem","position":3,"name":"Dissertations"}]},{"@type":"WebSite","@id":"https:\/\/www.chairedelimmateriel.universite-paris-saclay.fr\/#website","url":"https:\/\/www.chairedelimmateriel.universite-paris-saclay.fr\/","name":"Chaire Europ\u00e9enne de l\u2019Immat\u00e9riel","description":"","potentialAction":[{"@type":"SearchAction","target":{"@type":"EntryPoint","urlTemplate":"https:\/\/www.chairedelimmateriel.universite-paris-saclay.fr\/?s={search_term_string}"},"query-input":{"@type":"PropertyValueSpecification","valueRequired":true,"valueName":"search_term_string"}}],"inLanguage":"en-US"}]}},"_links":{"self":[{"href":"https:\/\/www.chairedelimmateriel.universite-paris-saclay.fr\/en\/wp-json\/wp\/v2\/pages\/191","targetHints":{"allow":["GET"]}}],"collection":[{"href":"https:\/\/www.chairedelimmateriel.universite-paris-saclay.fr\/en\/wp-json\/wp\/v2\/pages"}],"about":[{"href":"https:\/\/www.chairedelimmateriel.universite-paris-saclay.fr\/en\/wp-json\/wp\/v2\/types\/page"}],"author":[{"embeddable":true,"href":"https:\/\/www.chairedelimmateriel.universite-paris-saclay.fr\/en\/wp-json\/wp\/v2\/users\/1"}],"replies":[{"embeddable":true,"href":"https:\/\/www.chairedelimmateriel.universite-paris-saclay.fr\/en\/wp-json\/wp\/v2\/comments?post=191"}],"version-history":[{"count":1,"href":"https:\/\/www.chairedelimmateriel.universite-paris-saclay.fr\/en\/wp-json\/wp\/v2\/pages\/191\/revisions"}],"predecessor-version":[{"id":192,"href":"https:\/\/www.chairedelimmateriel.universite-paris-saclay.fr\/en\/wp-json\/wp\/v2\/pages\/191\/revisions\/192"}],"up":[{"embeddable":true,"href":"https:\/\/www.chairedelimmateriel.universite-paris-saclay.fr\/en\/wp-json\/wp\/v2\/pages\/186"}],"wp:attachment":[{"href":"https:\/\/www.chairedelimmateriel.universite-paris-saclay.fr\/en\/wp-json\/wp\/v2\/media?parent=191"}],"curies":[{"name":"wp","href":"https:\/\/api.w.org\/{rel}","templated":true}]}}

<ul>
<li><b>Gwenaelle Grefe</b>, «&nbsp;Gestion de la connaissance et systèmes d’incitation&nbsp;: un essai d’explicitation de modèle (la théorie du Hau-Ba&nbsp;», thèse soutenue en juillet 2010 (thèse Cifre, Alcan).</li>
<li><b>Julien Anfruns</b>, «&nbsp;Modélisation et valorisation des actifs immatériels des musées&nbsp;»</li>
<li><b>Imen Missaoui</b>, «&nbsp;Valeur et performance des grands projets de SI&nbsp;»</li>
<li><b>Daniel Guevara</b>, «&nbsp;Managing intangibles in a dowturn period (at GE)&nbsp;», soutenance Décembre 2011.</li>
<li><b>Imene Trabelsi</b>, «&nbsp;Innovation et information-amont, le rôle médiateur des capacités&nbsp;»</li>
<li><b>Kiyali Ouattara</b>, «&nbsp;Le pilotage des actifs immatériels&nbsp;: individus versus organisations&nbsp;»</li>
<li><b>Susanne Durst</b>, «&nbsp;Small and medium-sized succession process&nbsp;: Do intangibles really matter&nbsp;? An exploratory study conducted in Germany&nbsp;», Soutenance&nbsp;: Thèse soutenue en février 2011</li>
<li><b>Andrès Barreneche Garcia</b>, «&nbsp;Structural patterns in complex innovation systems&nbsp;»</li>
<li><b>Sidoine Corbin-Occelli</b>, «&nbsp;La valorisation des marques&nbsp;»</li>
</ul>
<div class="shariff" data-title="Dissertations" data-info-url="" data-backend-url="https://www.chairedelimmateriel.universite-paris-saclay.fr/wp-content/plugins/shariff-sharing/backend/index.php" data-temp="/tmp" data-ttl="60" data-service="tl" data-services='["facebook","twitter","linkedin"]' data-image="" data-url="https://www.chairedelimmateriel.universite-paris-saclay.fr/en/research-programme/dissertations/" data-lang="en" data-theme="color" data-orientation="horizontal"></div>

<p>Gwenaelle Grefe, «&nbsp;Gestion de la connaissance et systèmes d’incitation&nbsp;: un essai d’explicitation de modèle (la théorie du Hau-Ba&nbsp;», thèse soutenue en juillet 2010 (thèse Cifre, Alcan). Julien Anfruns, «&nbsp;Modélisation et valorisation des actifs immatériels des musées&nbsp;» Imen Missaoui, «&nbsp;Valeur et&nbsp;<small>(&#8230;)</small></p>

<!-- This site is optimized with the Yoast SEO plugin v28.4 - https://yoast.com/product/yoast-seo-wordpress/ -->
<title>Dissertations - Chaire Européenne de l’Immatériel</title>
<meta name="robots" content="index, follow, max-snippet:-1, max-image-preview:large, max-video-preview:-1" />
<link rel="canonical" href="https://www.chairedelimmateriel.universite-paris-saclay.fr/en/research-programme/dissertations/" />
<meta property="og:locale" content="en_US" />
<meta property="og:type" content="article" />
<meta property="og:title" content="Dissertations - Chaire Européenne de l’Immatériel" />
<meta property="og:description" content="Gwenaelle Grefe, «&nbsp;Gestion de la connaissance et systèmes d’incitation&nbsp;: un essai d’explicitation de modèle (la théorie du Hau-Ba&nbsp;», thèse soutenue en juillet 2010 (thèse Cifre, Alcan). Julien Anfruns, «&nbsp;Modélisation et valorisation des actifs immatériels des musées&nbsp;» Imen Missaoui, «&nbsp;Valeur et&nbsp;(...)" />
<meta property="og:url" content="https://www.chairedelimmateriel.universite-paris-saclay.fr/en/research-programme/dissertations/" />
<meta property="og:site_name" content="Chaire Européenne de l’Immatériel" />
<meta property="article:modified_time" content="2017-02-01T18:33:53+00:00" />
<meta name="twitter:card" content="summary_large_image" />
<meta name="twitter:label1" content="Est. reading time" />
	<meta name="twitter:data1" content="1 minute" />
<script type="application/ld+json" class="yoast-schema-graph">{"@context":"https:\/\/schema.org","@graph":[{"@type":"WebPage","@id":"https:\/\/www.chairedelimmateriel.universite-paris-saclay.fr\/en\/research-programme\/dissertations\/","url":"https:\/\/www.chairedelimmateriel.universite-paris-saclay.fr\/en\/research-programme\/dissertations\/","name":"Dissertations - Chaire Européenne de l’Immatériel","isPartOf":{"@id":"https:\/\/www.chairedelimmateriel.universite-paris-saclay.fr\/#website"},"datePublished":"2017-01-06T14:15:24+00:00","dateModified":"2017-02-01T18:33:53+00:00","breadcrumb":{"@id":"https:\/\/www.chairedelimmateriel.universite-paris-saclay.fr\/en\/research-programme\/dissertations\/#breadcrumb"},"inLanguage":"en-US","potentialAction":[{"@type":"ReadAction","target":["https:\/\/www.chairedelimmateriel.universite-paris-saclay.fr\/en\/research-programme\/dissertations\/"]}]},{"@type":"BreadcrumbList","@id":"https:\/\/www.chairedelimmateriel.universite-paris-saclay.fr\/en\/research-programme\/dissertations\/#breadcrumb","itemListElement":[{"@type":"ListItem","position":1,"name":"Home","item":"https:\/\/www.chairedelimmateriel.universite-paris-saclay.fr\/en\/"},{"@type":"ListItem","position":2,"name":"The Chair research programme","item":"https:\/\/www.chairedelimmateriel.universite-paris-saclay.fr\/en\/research-programme\/"},{"@type":"ListItem","position":3,"name":"Dissertations"}]},{"@type":"WebSite","@id":"https:\/\/www.chairedelimmateriel.universite-paris-saclay.fr\/#website","url":"https:\/\/www.chairedelimmateriel.universite-paris-saclay.fr\/","name":"Chaire Européenne de l’Immatériel","description":"","potentialAction":[{"@type":"SearchAction","target":{"@type":"EntryPoint","urlTemplate":"https:\/\/www.chairedelimmateriel.universite-paris-saclay.fr\/?s={search_term_string}"},"query-input":{"@type":"PropertyValueSpecification","valueRequired":true,"valueName":"search_term_string"}}],"inLanguage":"en-US"}]}</script>
<!-- / Yoast SEO plugin. -->

Dissertations - Chaire Européenne de l’Immatériel

Gwenaelle Grefe, «&nbsp;Gestion de la connaissance et systèmes d’incitation&nbsp;: un essai d’explicitation de modèle (la théorie du Hau-Ba&nbsp;», thèse soutenue en juillet 2010 (thèse Cifre, Alcan). Julien Anfruns, «&nbsp;Modélisation et valorisation des actifs immatériels des musées&nbsp;» Imen Missaoui, «&nbsp;Valeur et&nbsp;(...)

Chaire Européenne de l’Immatériel
